mmon factor of p and w.
14
Let g = 102 + -73. Let c be -2 + (306/6 - 4). Let z = c - g. What is the greatest common factor of z and 48?
16
Let x be -3 - (-2 + (-1 - 3)) - -12. What is the greatest common divisor of x and 20?
5
Let j(x) be the first derivative of x**3/3 - 6*x**2 + 6*x + 6. Let p be j(4). Let q = p + 34. What is the greatest common factor of 2 and q?
2
Let z = -69 - -77. Let w be 2/9 + (-502)/(-9). What is the highest common factor of z and w?
8
Let m be (-38)/(-6)*(-38 + 2). Let w be (-3)/5 + m/20. Let h = w + 17. What is the highest common divisor of h and 25?
5
Suppose -2*r - 236 = -2*z, 85*r = 5*z + 83*r - 587. Calculate the highest common divisor of z and 27.
9
Suppose -y - u = -14, 0 = 13*y - 16*y - 4*u + 39. What is the greatest common factor of 357 and y?
17
Let j(u) = u**3 - 54*u**2 + 169*u - 144. Let t be j(51). What is the highest common divisor of t and 21?
21
Suppose 63 - 333 = -3*w. Suppose -27*s + 31 = -239. What is the highest common divisor of w and s?
10
Suppose 0 = -21*i + 362 + 646. What is the highest common factor of 32 and i?
16
Suppose -9 = 5*i - 34. Suppose -x = -4*x + u + 82, i*u = x - 32. Let b = 16 + -7. What is the highest common factor of x and b?
9
Let r(l) = l**2 - 21*l - 3. Let x be r(21). Let p be x*1*(500/(-15))/10. Calculate the highest common divisor of 80 and p.
10
Let b be 88/16*2 - -3. What is the highest common factor of 322 and b?
14
Let b(z) = z**3 - 18*z**2 - 29*z + 20. Let w be b(20). Suppose -w = -7*a - 5*a. What is the highest common divisor of 10 and a?
10
Let o(w) = 26*w**2 - 2*w - 1. Let j be o(2). Suppose 207 = 18*f + 5*f. Calculate the highest common divisor of j and f.
9
Let b = 100 - 97. Calculate the highest common factor of 27 and b.
3
Let m(s) = s**2 + 18*s + 66. Let r be m(-14). Calculate the greatest common divisor of 15 and r.
5
Suppose -54 = 43*v - 52*v. Let f be (6/(-9))/((-4)/48). Calculate the greatest common factor of v and f.
2
Let w = 8 - 5. Suppose -66 + 24 = -w*l. Suppose 21*c + 898 = 1486. Calculate the highest common divisor of l and c.
14
Let n be (16/6*1)/((-14)/(-294)). Suppose 2*a - a = -5*h + n, -a + 3*h + 40 = 0. What is the greatest common factor of 69 and a?
23
Let a = 1506 + -1222. Calculate the greatest common divisor of 4 and a.
4
Let l be 61 + (1 - 2)/1*1. What is the highest common factor of l and 30?
30
Let t = 12 + -8. Suppose -5*q - 91 = -5*s + 44, -q - s - 21 = 0. Let z be (-5)/(10/q) - 0. Calculate the highest common divisor of t and z.
4
Let w be ((-62)/12 - 1)/(12/(-72)). Calculate the highest common factor of w and 259.
37
Let y be 2/(-12) - (-5 + (-25)/(-30)). Suppose b - 2 = -3, 2*w - y*b = 76. Calculate the highest common factor of 48 and w.
12
Let l be 194 - 0 - 1 - 1. Suppose 0 = -6*v + 3*v - 3, -3*v = 4*h - 93. Calculate the greatest common factor of l and h.
24
Suppose 0 = 3*n + 2*b - 112 + 16, 4*n - 5*b - 151 = 0. Calculate the greatest common factor of n and 136.
34
Let g(l) = -l**3 - 3*l**2 + 5*l + 4. Let c be g(-4). Let r be (c + 16 - (-9)/(-3))*1. Calculate the greatest common divisor of r and 247.
13
Let v(b) = -2*b - 6. Let u be v(-4). Suppose u*q = q + 2, 5*q - 26 = -4*o. Suppose n = -o*n + 20. Calculate the greatest common factor of n and 4.
4
Let j be (28/(-42))/((-4)/18). Suppose -3*z + 2*z = -j. Calculate the greatest common factor of 33 and z.
3
Let y be (-4)/12*-3 + -85. Let p = y + 340. What is the highest common divisor of 32 and p?
32
Suppose -2*r - 2 + 4 = 2*v, -2 = -5*v - 2*r. Suppose -5*a - 2*n = n - 45, v = -4*a + 5*n + 73. Calculate the highest common divisor of 18 and a.
6
Suppose u = -2*u + 315. Suppose h - 318 + 314 = 0. Suppose -h*w + u = w. Calculate the greatest common divisor of 189 and w.
21
Suppose 13*l = 67*l - 1296. Calculate the highest common divisor of l and 114.
6
Let z = 161 + -124. Calculate the greatest common divisor of 333 and z.
37
Let a = -2066 - -2078. Suppose -22 = 2*r - 122. Let j = r + -20. Calculate the greatest common divisor of a and j.
6
Let y(w) be the first derivative of -2*w**2 + 5 + 4*w + 23/3*w**3. Let u be y(2). What is the greatest common divisor of u and 11?
11
Let y be 5/2*11/(165/6). Suppose u + y = 0, 4*z = 3*z + 4*u + 40. Calculate the greatest common factor of z and 9.
9
Let y be (-2)/(-13) - 11/((-143)/1350). Calculate the highest common factor of 91 and y.
13
Let m = 48 + -45. Suppose -s - m*w = -8*w - 182, 0 = w. What is the highest common factor of s and 14?
14
Let g(m) = 3*m**2 + 8*m - 10. Let l be g(-7). Let j = -2 + 16. Suppose x + 37 = 4*z, -4*x = -z - 1 + j. What is the highest common factor of z and l?
9
Suppose 6*l - 52 = -7*l. Calculate the greatest common divisor of 20 and l.
4
Let u be (-82922)/(-147) + (-26)/273. Calculate the highest common divisor of u and 60.
12
Let w(z) = -z**3 + 4*z**2 + 5*z + 4. Let l = -3 - -8. Let g be w(l). What is the greatest common factor of g and 6?
2
Suppose 3*m = -5*h + 16, -5*m + h = -3*h - 2. Let u = m + 3. Suppose -42 = -u*a + 178. Calculate the greatest common divisor of a and 11.
11
Let d = -15 - 37. Let h = d + 94. What is the highest common factor of h and 336?
42
Let m = 207 + -144. Calculate the highest common divisor of m and 42.
21
Let p be (-1)/(-2)*(63 - 7). What is the highest common divisor of p and 28?
28
Suppose 19*q = 34655 - 6725. What is the highest common factor of 105 and q?
105
Let g = -110 + 299. Calculate the highest common divisor of g and 27.
27
Let a be 1 + 318/14 - 126/(-441). Calculate the highest common factor of a and 8.
8
Let p be 32/(-120)*3*-155. Calculate the highest common factor of 4 and p.
4
Let r = -183 + 279. Suppose 3*m - 5*b + 8*b = r, 2*b = m - 35. Let y(k) = 21*k**2 + 1. Let o be y(1). What is the greatest common factor of m and o?
11
Suppose 2*t + 5*i = 7*t + 65, -i = t + 3. Let b be 54/t*2*(-4)/3. Calculate the highest common factor of b and 2.
2
Suppose 0 = 14*q - 19*q - 10, -5*q - 124 = -f. Suppose 0 = s + 4*s - 285. What is the highest common divisor of f and s?
57
Let o = 73 - 72. What is the greatest common divisor of o and 7?
1
Let j be (3/6)/((-1)/(-52)). Suppose 0 = -6*t + 2*t - 36. Let z(a) = -a**3 - 9*a**2 - 4*a + 3. Let s be z(t). Calculate the highest common divisor of j and s.
13
Let i(g) = -3*g - 28. Let t be i(-26). Calculate the greatest common factor of 450 and t.
50
Let o(l) = 133*l - 112. Let w be o(7). What is the highest common factor of 63 and w?
63
Let m be (1/(-6)*70)/((-1)/15). What is the highest common divisor of 50 and m?
25
Suppose 0 = -3*g - 5*q + 314, 3*g - 46 = q + 244. What is the highest common divisor of g and 70?
14
Suppose 0 = 2*d - 4*n + n - 17, 2*n - 22 = -2*d. Let i(b) = 31*b - 13. Let j be i(d). What is the greatest common divisor of 27 and j?
27
Let y be ((-9)/4)/((22/(-400))/11). What is the greatest common factor of 200 and y?
50
Let i = -1061 - -1077. Calculate the highest common factor of i and 1696.
16
Let g(n) = -n**3 + 11*n**2 - 5*n + 46. Let r be g(10). Calculate the highest common factor of 36 and r.
12
Let t(z) be the third derivative of z**4/24 + z**3 - 3*z**2. Let u be t(-8). Let f be (-50)/(-3)*(-6)/u. What is the greatest common divisor of 10 and f?
10
Let m be (-40)/(-35)*7/2. Suppose 2*d - 459 = -5*r, m*r - 2*d + 7*d - 374 = 0. Calculate the greatest common factor of 13 and r.
13
Let w = 51 + -40. Calculate the highest common divisor of 88 and w.
11
Let m(z) = -z + 4. Let h be m(5). Let g = h - -2. Let u be (7/(-4))/(g/(-16)). Calculate the greatest common divisor of u and 224.
28
Let t(n) = 2*n - 33. Let s be t(18). Suppose 160 = s*j - 4*a, -5*j + 6*a - 2*a = -280. Calculate the highest common factor of j and 40.
20
Let s(n) = 7*n - 15. Let j be s(9). Calculate the greatest common divisor of j and 32.
16
Suppose 0 = 5*q - 549 - 126. Calculate the highest common divisor of q and 27.
27
Let m(u) = -u**3 + 18*u**2 - 30*u + 20. Let q be m(14). Calculate the highest common divisor of 64 and q.
64
Let t = -17 - -37. Let k be 4/(t/25) - 0. Calculate the highest common factor of k and 55.
5
Let f(j) = 52*j**2 + 11*j - 23. Let p be f(-4). What is the greatest common factor of p and 45?
45
Suppose 2*w + 69 = 5*w. Calculate the highest common factor of 1 and w.
1
Let r = 1038 - 778. Calculate the highest common factor of 80